{"id":30,"date":"2017-03-24T03:37:48","date_gmt":"2017-03-24T03:37:48","guid":{"rendered":"http:\/\/demo.themeton.com\/medical\/?page_id=30"},"modified":"2021-03-03T12:53:30","modified_gmt":"2021-03-03T17:53:30","slug":"home","status":"publish","type":"page","link":"https:\/\/www.abuelitosmedicalcenter.net\/","title":{"rendered":"Home"},"content":{"rendered":"<p>[vc_row vc_row_container=&#8221;uk-container&#8221; css=&#8221;.vc_custom_1583300660119{padding-top: 60px !important;padding-bottom: 10px !important;background-color: #ffffff !important;background-position: center !important;background-repeat: no-repeat !important;background-size: contain !important;}&#8221; el_class=&#8221;pb9 pb2@s&#8221;][vc_column][vc_custom_heading text=&#8221;Servicio de Excelencia&#8221; font_container=&#8221;tag:h2|font_size:36|text_align:center|line_height:1&#8243; use_theme_fonts=&#8221;yes&#8221; link=&#8221;url:http%3A%2F%2Fnext.themeton.com%2Fmedio%2Fservice-item%2Fgynecology%2F|||&#8221; el_class=&#8221;mvb0&#8243;][vc_column_text]<\/p>\n<p style=\"text-align: center; margin: 0; padding: 0; font-size: 15px;\">Lo Mejor Para Nuestros Abuelitos<\/p>\n<p>[\/vc_column_text][vc_column_text]En Abuelitos Medical Center ofrecemos servicios de calidad en atenci\u00f3n de m\u00e9dico primario y especialistas, cuidado de la visi\u00f3n y dental que incluye coronas, limpieza, dentaduras y mucho m\u00e1s. Adem\u00e1s, brindamos servicio de laboratorio directamente en su hogar as\u00ed como entrega de medicamentos. \u00a1Los servicios sociales no pueden faltar, porque sabemos las necesidades de cada uno de nuestros miembros y estamos para servirles! Para conocer m\u00e1s, desliza los iconos de servicios y dales clic.[\/vc_column_text][mungu_service_grid carousel=&#8221;yes&#8221; input_type=&#8221;post&#8221; count=&#8221;10&#8243; column=&#8221;1&#8243; pager=&#8221;yes&#8221; excerpt_length=&#8221;0&#8243;][vc_empty_space height=&#8221;64px&#8221;][vc_separator][\/vc_column][\/vc_row][vc_row content_placement=&#8221;middle&#8221; el_id=&#8221;UneteYa&#8221;][vc_column width=&#8221;5\/12&#8243;]\n\t\t\t<!-- START testimonial REVOLUTION SLIDER 6.1.8 --><p class=\"rs-p-wp-fix\"><\/p>\n\t\t\t<rs-module-wrap id=\"rev_slider_2_1_wrapper\" data-source=\"gallery\" style=\"background:rgba(255,255,255,0);padding:0;margin:0px auto;margin-top:0;margin-bottom:0;max-width:\">\n\t\t\t\t<rs-module id=\"rev_slider_2_1\" style=\"display:none;\" data-version=\"6.1.8\">\n\t\t\t\t\t<rs-slides>\n\t\t\t\t\t\t<rs-slide data-key=\"rs-4\" data-title=\"Slide\" data-anim=\"ei:d;eo:d;s:600;r:0;t:fade;sl:d;\">\n\t\t\t\t\t\t\t<img src=\"https:\/\/i0.wp.com\/www.abuelitosmedicalcenter.net\/wp-content\/plugins\/revslider\/public\/assets\/assets\/transparent.png?w=940\" title=\"Home\" data-bg=\"c:rgba(99,89,158,0);\" class=\"rev-slidebg\" data-no-retina data-recalc-dims=\"1\">\n<!--\n\t\t\t\t\t\t\t--><rs-layer\n\t\t\t\t\t\t\t\tid=\"slider-2-slide-4-layer-5\" \n\t\t\t\t\t\t\t\tdata-type=\"image\"\n\t\t\t\t\t\t\t\tdata-rsp_ch=\"on\"\n\t\t\t\t\t\t\t\tdata-xy=\"xo:-24px,-24px,-24px,-28px;yo:50px,50px,50px,60px;\"\n\t\t\t\t\t\t\t\tdata-text=\"w:normal;s:20,20,20,24;l:0,0,0,30;\"\n\t\t\t\t\t\t\t\tdata-dim=\"w:442px,442px,442px,530px;h:442px,442px,442px,530px;\"\n\t\t\t\t\t\t\t\tdata-frame_999=\"o:0;st:w;\"\n\t\t\t\t\t\t\t\tstyle=\"z-index:10;\"\n\t\t\t\t\t\t\t><img src=\"https:\/\/i0.wp.com\/www.abuelitosmedicalcenter.net\/wp-content\/uploads\/2017\/06\/Unete-ya100.png?resize=500%2C500\" width=\"500\" height=\"500\" data-no-retina data-recalc-dims=\"1\"> \n\t\t\t\t\t\t\t<\/rs-layer><!--\n\n\t\t\t\t\t\t\t--><rs-layer\n\t\t\t\t\t\t\t\tid=\"slider-2-slide-4-layer-13\" \n\t\t\t\t\t\t\t\tdata-type=\"image\"\n\t\t\t\t\t\t\t\tdata-rsp_ch=\"on\"\n\t\t\t\t\t\t\t\tdata-xy=\"x:c;xo:-13px;y:m;yo:35px;\"\n\t\t\t\t\t\t\t\tdata-text=\"l:22;a:inherit;\"\n\t\t\t\t\t\t\t\tdata-dim=\"w:['414px','414px','414px','414px'];h:['311px','311px','311px','311px'];\"\n\t\t\t\t\t\t\t\tdata-frame_0=\"tp:600;\"\n\t\t\t\t\t\t\t\tdata-frame_1=\"tp:600;sR:10;\"\n\t\t\t\t\t\t\t\tdata-frame_999=\"o:0;tp:600;st:w;sR:8690;\"\n\t\t\t\t\t\t\t\tdata-loop_0=\"xR:5px;yR:5px;oX:50;oY:50;\"\n\t\t\t\t\t\t\t\tdata-loop_999=\"xR:5px;yR:5px;crd:t;sp:3000;yys:t;yyf:t;\"\n\t\t\t\t\t\t\t\tstyle=\"z-index:8;\"\n\t\t\t\t\t\t\t><img src=\"https:\/\/i0.wp.com\/www.abuelitosmedicalcenter.net\/wp-content\/uploads\/2017\/06\/Path-7.png?resize=893%2C670\" width=\"893\" height=\"670\" data-no-retina data-recalc-dims=\"1\"> \n\t\t\t\t\t\t\t<\/rs-layer><!--\n\n\t\t\t\t\t\t\t--><rs-layer\n\t\t\t\t\t\t\t\tid=\"slider-2-slide-4-layer-14\" \n\t\t\t\t\t\t\t\tdata-type=\"image\"\n\t\t\t\t\t\t\t\tdata-rsp_ch=\"on\"\n\t\t\t\t\t\t\t\tdata-xy=\"x:c;xo:-1px;y:m;yo:44px;\"\n\t\t\t\t\t\t\t\tdata-text=\"l:22;a:inherit;\"\n\t\t\t\t\t\t\t\tdata-dim=\"w:['403px','403px','403px','403px'];h:['289px','289px','289px','289px'];\"\n\t\t\t\t\t\t\t\tdata-frame_0=\"tp:600;\"\n\t\t\t\t\t\t\t\tdata-frame_1=\"tp:600;sR:10;\"\n\t\t\t\t\t\t\t\tdata-frame_999=\"o:0;tp:600;st:w;sR:8690;\"\n\t\t\t\t\t\t\t\tdata-loop_0=\"xR:4px;yR:4px;oX:50;oY:50;\"\n\t\t\t\t\t\t\t\tdata-loop_999=\"xR:4px;yR:4px;crd:t;sp:4000;yys:t;yyf:t;\"\n\t\t\t\t\t\t\t\tstyle=\"z-index:9;\"\n\t\t\t\t\t\t\t><img src=\"https:\/\/i0.wp.com\/www.abuelitosmedicalcenter.net\/wp-content\/uploads\/2017\/06\/Path-3-1.png?resize=940%2C673\" width=\"940\" height=\"673\" data-no-retina data-recalc-dims=\"1\"> \n\t\t\t\t\t\t\t<\/rs-layer><!--\n-->\t\t\t\t\t\t<\/rs-slide>\n\t\t\t\t\t<\/rs-slides>\n\t\t\t\t\t<rs-progress class=\"rs-bottom\" style=\"visibility: hidden !important;\"><\/rs-progress>\n\t\t\t\t<\/rs-module>\n\t\t\t\t<script type=\"text\/javascript\">\n\t\t\t\t\tsetREVStartSize({c: 'rev_slider_2_1',rl:[1240,1240,1240,480],el:[500,500,500,540],gw:[400,400,400,480],gh:[500,500,500,540],type:'standard',justify:'',layout:'fullwidth',mh:\"0\"});\n\t\t\t\t\tvar\trevapi2,\n\t\t\t\t\t\ttpj;\n\t\t\t\t\tjQuery(function() {\n\t\t\t\t\t\ttpj = jQuery;\n\t\t\t\t\t\tif(tpj(\"#rev_slider_2_1\").revolution == undefined){\n\t\t\t\t\t\t\trevslider_showDoubleJqueryError(\"#rev_slider_2_1\");\n\t\t\t\t\t\t}else{\n\t\t\t\t\t\t\trevapi2 = tpj(\"#rev_slider_2_1\").show().revolution({\n\t\t\t\t\t\t\t\tjsFileLocation:\"\/\/www.abuelitosmedicalcenter.net\/wp-content\/plugins\/revslider\/public\/assets\/js\/\",\n\t\t\t\t\t\t\t\tvisibilityLevels:\"1240,1240,1240,480\",\n\t\t\t\t\t\t\t\tgridwidth:\"400,400,400,480\",\n\t\t\t\t\t\t\t\tgridheight:\"500,500,500,540\",\n\t\t\t\t\t\t\t\tspinner:\"spinner2\",\n\t\t\t\t\t\t\t\teditorheight:\"500,768,960,540\",\n\t\t\t\t\t\t\t\tresponsiveLevels:\"1240,1240,1240,480\",\n\t\t\t\t\t\t\t\tdisableProgressBar:\"on\",\n\t\t\t\t\t\t\t\tnavigation: {\n\t\t\t\t\t\t\t\t\tonHoverStop:false\n\t\t\t\t\t\t\t\t},\n\t\t\t\t\t\t\t\tfallbacks: {\n\t\t\t\t\t\t\t\t\tallowHTML5AutoPlayOnAndroid:true\n\t\t\t\t\t\t\t\t},\n\t\t\t\t\t\t\t});\n\t\t\t\t\t\t}\n\t\t\t\t\t\t\n\t\t\t\t\t});\n\t\t\t\t<\/script>\n\t\t\t\t<script>\n\t\t\t\t\tvar htmlDivCss = ' #rev_slider_2_1_wrapper rs-loader.spinner2{ background-color: #ffffff !important; } '\n\t\t\t\t\tvar htmlDiv = document.getElementById('rs-plugin-settings-inline-css');\n\t\t\t\t\tif(htmlDiv) {\n\t\t\t\t\t\thtmlDiv.innerHTML = htmlDiv.innerHTML + htmlDivCss;\n\t\t\t\t\t}else{\n\t\t\t\t\t\tvar htmlDiv = document.createElement('div');\n\t\t\t\t\t\thtmlDiv.innerHTML = '<style>' + htmlDivCss + '<\/style>';\n\t\t\t\t\t\tdocument.getElementsByTagName('head')[0].appendChild(htmlDiv.childNodes[0]);\n\t\t\t\t\t}\n\t\t\t\t<\/script>\n\t\t\t<\/rs-module-wrap>\n\t\t\t<!-- END REVOLUTION SLIDER -->\n[\/vc_column][vc_column width=&#8221;7\/12&#8243; el_class=&#8221;pt6 pt0@s&#8221;][vc_column_text css_animation=&#8221;fadeInUp&#8221; css=&#8221;.vc_custom_1583347377873{padding-right: 20px !important;padding-left: 20px !important;}&#8221;]<\/p>\n<h5 style=\"font-size: 30px; color: #171620; text-align: center;\">\u00a1Somos una Familia!<\/h5>\n<p style=\"text-align: center;\">Abuelitos Medical Centers es uno de los mejores proveedores m\u00e9dicos del sur de la Florida. Contamos con dos Centros M\u00e9dicos localizados en Miami Lakes y La Peque\u00f1a Habana. <strong>\u00a1No pierdas la oportunidad y hazte miembro de la Gran Familia de Abuelitos, pulsa el bot\u00f3n y llama ahora mismo!<\/strong><\/p>\n<p>[\/vc_column_text][vc_btn title=&#8221;(786) 688-8100&#8243; shape=&#8221;round&#8221; color=&#8221;warning&#8221; align=&#8221;center&#8221; i_type=&#8221;entypo&#8221; i_icon_entypo=&#8221;entypo-icon entypo-icon-mobile&#8221; css_animation=&#8221;flipInX&#8221; add_icon=&#8221;true&#8221; link=&#8221;url:tel%3A%2B17866888100|title:tel%3A%2B17866888100||&#8221;][\/vc_column][\/vc_row][vc_row full_width=&#8221;stretch_row&#8221; equal_height=&#8221;yes&#8221; content_placement=&#8221;middle&#8221; css=&#8221;.vc_custom_1583258813356{background-image: url(http:\/\/www.abuelitosmedicalcenter.net\/wp-content\/uploads\/2020\/03\/Group-6-1.png?id=1590) !important;background-position: center !important;background-repeat: no-repeat !important;background-size: cover !important;}&#8221; el_class=&#8221;pr6@s pl6@s&#8221;][vc_column][con_counter style=&#8221;1&#8243; align=&#8221;1&#8243; list=&#8221;%5B%7B%22layout%22%3A%22with-image%22%2C%22number%22%3A%2229%22%2C%22body%22%3A%22Especialidades%22%2C%22title%22%3A%22Especialidades%22%2C%22image%22%3A%221263%22%2C%22icon_type%22%3A%22fontawesome%22%2C%22icon_openiconic%22%3A%22vc-oi%20vc-oi-umbrella%22%2C%22icon_typicons%22%3A%22typcn%20typcn-arrow-repeat%22%2C%22icon_entypo%22%3A%22entypo-icon%20entypo-icon-star%22%2C%22icon_linecons%22%3A%22vc_li%20vc_li-bulb%22%7D%2C%7B%22layout%22%3A%22with-image%22%2C%22number%22%3A%222%22%2C%22body%22%3A%22Centros%20M%C3%A9dicos%22%2C%22title%22%3A%22Centros%20M%C3%A9dicos%22%2C%22image%22%3A%221580%22%2C%22icon_type%22%3A%22fontawesome%22%2C%22icon_openiconic%22%3A%22vc-oi%20vc-oi-umbrella%22%2C%22icon_typicons%22%3A%22typcn%20typcn-arrow-repeat%22%2C%22icon_entypo%22%3A%22entypo-icon%20entypo-icon-star%22%2C%22icon_linecons%22%3A%22vc_li%20vc_li-bulb%22%7D%2C%7B%22layout%22%3A%22with-image%22%2C%22number%22%3A%225%22%2C%22body%22%3A%22Estrellas%22%2C%22title%22%3A%22Estrellas%22%2C%22image%22%3A%221582%22%2C%22icon_type%22%3A%22fontawesome%22%2C%22icon_openiconic%22%3A%22vc-oi%20vc-oi-umbrella%22%2C%22icon_typicons%22%3A%22typcn%20typcn-arrow-repeat%22%2C%22icon_entypo%22%3A%22entypo-icon%20entypo-icon-star%22%2C%22icon_linecons%22%3A%22vc_li%20vc_li-bulb%22%7D%2C%7B%22layout%22%3A%22with-image%22%2C%22number%22%3A%221000%2B%22%2C%22body%22%3A%22Pacientes%20Felices%22%2C%22title%22%3A%22Pacientes%20Felices%22%2C%22image%22%3A%221264%22%2C%22icon_type%22%3A%22fontawesome%22%2C%22icon_openiconic%22%3A%22vc-oi%20vc-oi-umbrella%22%2C%22icon_typicons%22%3A%22typcn%20typcn-arrow-repeat%22%2C%22icon_entypo%22%3A%22entypo-icon%20entypo-icon-star%22%2C%22icon_linecons%22%3A%22vc_li%20vc_li-bulb%22%7D%5D&#8221; extra_class=&#8221;text-light medio_counter ml5@s&#8221; icon_type=&#8221;fontawesome&#8221; icon_fontawesome=&#8221;&#8221; css=&#8221;.vc_custom_1583438084151{padding-top: 100px !important;padding-bottom: 100px !important;}&#8221;][\/vc_column][\/vc_row][vc_row css=&#8221;.vc_custom_1491267326951{padding-top: 70px !important;}&#8221;][vc_column][vc_custom_heading text=&#8221;Informaci\u00f3n de Salud&#8221; font_container=&#8221;tag:h2|font_size:36|text_align:center|line_height:1&#8243; use_theme_fonts=&#8221;yes&#8221; link=&#8221;url:http%3A%2F%2Fnext.themeton.com%2Fmedio%2Fservice-item%2Fgynecology%2F|||&#8221; el_class=&#8221;mvb0&#8243; css=&#8221;.vc_custom_1583255520409{padding-bottom: 20px !important;}&#8221;][con_post count=&#8221;3&#8243; style=&#8221;4&#8243; meta=&#8221;&#8221; cat=&#8221;&#8221; readmoretext=&#8221;Leer m\u00e1s&#8221; pagination=&#8221;&#8221; extra_class=&#8221;medio_blog&#8221;][\/vc_column][\/vc_row][vc_row][vc_column][vc_column_text][\/vc_column_text][\/vc_column][\/vc_row][vc_section full_width=&#8221;stretch_row&#8221; content_placement=&#8221;middle&#8221; css=&#8221;.vc_custom_1583349075942{margin-top: 0px !important;padding-top: 0px !important;background-image: url(http:\/\/www.abuelitosmedicalcenter.net\/wp-content\/uploads\/2017\/06\/Path-21-1.png?id=1662) !important;background-position: center !important;background-repeat: no-repeat !important;background-size: cover !important;}&#8221;][vc_row css=&#8221;.vc_custom_1583435363365{padding-bottom: 20px !important;}&#8221; el_id=&#8221;centros&#8221;][vc_column][vc_empty_space height=&#8221;10px&#8221;][vc_custom_heading text=&#8221;Contacto&#8221; font_container=&#8221;tag:h2|font_size:36|text_align:center&#8221; use_theme_fonts=&#8221;yes&#8221; el_class=&#8221;mvb0&#8243;][\/vc_column][\/vc_row][vc_row css=&#8221;.vc_custom_1583436003951{margin-top: 35px !important;margin-bottom: 0px !important;border-bottom-width: 0px !important;padding-bottom: 0px !important;background-position: center !important;background-repeat: no-repeat !important;background-size: cover !important;}&#8221; el_class=&#8221;mwidget&#8221;][vc_column width=&#8221;1\/3&#8243;][vc_widget_sidebar sidebar_style=&#8221;sidebar fs-sidebar&#8221; sidebar_id=&#8221;footer3&#8243;][vc_widget_sidebar sidebar_style=&#8221;sidebar fs-sidebar&#8221; sidebar_id=&#8221;footer1&#8243;][vc_widget_sidebar sidebar_style=&#8221;sidebar fs-sidebar&#8221; sidebar_id=&#8221;footer2&#8243;][vc_widget_sidebar sidebar_style=&#8221;sidebar fs-sidebar&#8221; sidebar_id=&#8221;footer4&#8243;][\/vc_column][vc_column width=&#8221;2\/3&#8243;]\n<div class=\"wpcf7 no-js\" id=\"wpcf7-f733-o1\" lang=\"en-US\" dir=\"ltr\">\n<div class=\"screen-reader-response\"><p role=\"status\" aria-live=\"polite\" aria-atomic=\"true\"><\/p> <ul><\/ul><\/div>\n<form action=\"\/index.php?rest_route=%2Fwp%2Fv2%2Fpages%2F30#wpcf7-f733-o1\" method=\"post\" class=\"wpcf7-form init\" aria-label=\"Contact form\" novalidate=\"novalidate\" data-status=\"init\">\n<div style=\"display: none;\">\n<input type=\"hidden\" name=\"_wpcf7\" value=\"733\" \/>\n<input type=\"hidden\" name=\"_wpcf7_version\" value=\"5.8\" \/>\n<input type=\"hidden\" name=\"_wpcf7_locale\" value=\"en_US\" \/>\n<input type=\"hidden\" name=\"_wpcf7_unit_tag\" value=\"wpcf7-f733-o1\" \/>\n<input type=\"hidden\" name=\"_wpcf7_container_post\" value=\"0\" \/>\n<input type=\"hidden\" name=\"_wpcf7_posted_data_hash\" value=\"\" \/>\n<\/div>\n<div class=\"uk-grid-small uk-margin-remove-top uk-grid \">\n\t<div class=\"uk-width-1-1@m uk-grid-margin\">\n\t\t<div class=\"uk-inline uk-width-1-1@m \">\n\t\t\t<p><span class=\"uk-form-icon uk-icon\" data-ukicon=\"icon: user\"><\/span><span class=\"wpcf7-form-control-wrap\" data-name=\"text-546\"><input size=\"40\" class=\"wpcf7-form-control wpcf7-text wpcf7-validates-as-required uk-input\" aria-required=\"true\" aria-invalid=\"false\" placeholder=\"NOMBRE\" value=\"\" type=\"text\" name=\"text-546\" \/><\/span>\n\t\t\t<\/p>\n\t\t<\/div>\n\t<\/div>\n\t<div class=\"uk-width-1-1@m uk-grid-margin\">\n\t\t<div class=\"uk-inline uk-width-1-1@m \">\n\t\t\t<p><span class=\"uk-form-icon uk-icon\" data-ukicon=\"icon: mail\"><\/span><span class=\"wpcf7-form-control-wrap\" data-name=\"email-917\"><input size=\"40\" class=\"wpcf7-form-control wpcf7-email wpcf7-validates-as-required wpcf7-text wpcf7-validates-as-email uk-input\" aria-required=\"true\" aria-invalid=\"false\" placeholder=\"DIRECCION DE EMAIL\" value=\"\" type=\"email\" name=\"email-917\" \/><\/span>\n\t\t\t<\/p>\n\t\t<\/div>\n\t<\/div>\n\t<div class=\"uk-width-1-1@m uk-grid-margin\">\n\t\t<div class=\"uk-inline uk-width-1-1@m \">\n\t\t\t<p><span class=\"uk-form-icon uk-icon\" data-ukicon=\"icon: phone\"><\/span><span class=\"wpcf7-form-control-wrap\" data-name=\"tel-182\"><input size=\"40\" class=\"wpcf7-form-control wpcf7-tel wpcf7-validates-as-required wpcf7-text wpcf7-validates-as-tel uk-input\" aria-required=\"true\" aria-invalid=\"false\" placeholder=\"TEL\u00c9FONO\" value=\"\" type=\"tel\" name=\"tel-182\" \/><\/span>\n\t\t\t<\/p>\n\t\t<\/div>\n\t<\/div>\n\t<div class=\"uk-width-1-1@m uk-grid-margin\">\n\t\t<div class=\"uk-inline uk-width-1-1@m \">\n\t\t\t<p><span class=\"uk-form-icon textarea-icon uk-icon\" data-ukicon=\"icon: comment\"><\/span><span class=\"wpcf7-form-control-wrap\" data-name=\"textarea-685\"><textarea cols=\"40\" rows=\"10\" class=\"wpcf7-form-control wpcf7-textarea wpcf7-validates-as-required uk-textarea uk-height-small\" aria-required=\"true\" aria-invalid=\"false\" placeholder=\"ESCRIBA SU MENSAJE AQU\u00cd\" name=\"textarea-685\"><\/textarea><\/span>\n\t\t\t<\/p>\n\t\t<\/div>\n\t<\/div>\n\t<div class=\"uk-width-1-1@m uk-grid-margin uk-text-left\">\n\t\t<p><input class=\"wpcf7-form-control wpcf7-submit has-spinner uk-button uk-button-default\" type=\"submit\" value=\"ENVIAR\" \/>\n\t\t<\/p>\n\t<\/div>\n<\/div><p style=\"display: none !important;\"><label>&#916;<textarea name=\"_wpcf7_ak_hp_textarea\" cols=\"45\" rows=\"8\" maxlength=\"100\"><\/textarea><\/label><input type=\"hidden\" id=\"ak_js_1\" name=\"_wpcf7_ak_js\" value=\"44\"\/><script>document.getElementById( \"ak_js_1\" ).setAttribute( \"value\", ( new Date() ).getTime() );<\/script><\/p><div class=\"wpcf7-response-output\" aria-hidden=\"true\"><\/div>\n<\/form>\n<\/div>\n[\/vc_column][\/vc_row][vc_row css=&#8221;.vc_custom_1583436057639{margin-bottom: 0px !important;border-bottom-width: 0px !important;padding-bottom: 0px !important;}&#8221;][vc_column][vc_empty_space height=&#8221;10px&#8221;][\/vc_column][\/vc_row][\/vc_section]<\/p>\n","protected":false},"excerpt":{"rendered":"<p>[vc_row vc_row_container=&#8221;uk-container&#8221; css=&#8221;.vc_custom_1583300660119{padding-top: 60px !important;padding-bottom: 10px !important;background-color: #ffffff !important;background-position: center !important;background-repeat: no-repeat !important;background-size: contain !important;}&#8221; el_class=&#8221;pb9 pb2@s&#8221;][vc_column][vc_custom_heading text=&#8221;Servicio de Excelencia&#8221; font_container=&#8221;tag:h2|font_size:36|text_align:center|line_height:1&#8243; use_theme_fonts=&#8221;yes&#8221; link=&#8221;url:http%3A%2F%2Fnext.themeton.com%2Fmedio%2Fservice-item%2Fgynecology%2F|||&#8221; el_class=&#8221;mvb0&#8243;][vc_column_text] Lo Mejor Para Nuestros Abuelitos [\/vc_column_text][vc_column_text]En Abuelitos Medical Center ofrecemos servicios de calidad en atenci\u00f3n de &#8230;<\/p>\n","protected":false},"author":1,"featured_media":0,"parent":0,"menu_order":0,"comment_status":"closed","ping_status":"closed","template":"","meta":{"om_disable_all_campaigns":false,"_mi_skip_tracking":false,"_monsterinsights_sitenote_active":false,"_monsterinsights_sitenote_note":"","_monsterinsights_sitenote_category":0,"footnotes":""},"_links":{"self":[{"href":"https:\/\/www.abuelitosmedicalcenter.net\/index.php?rest_route=\/wp\/v2\/pages\/30"}],"collection":[{"href":"https:\/\/www.abuelitosmedicalcenter.net\/index.php?rest_route=\/wp\/v2\/pages"}],"about":[{"href":"https:\/\/www.abuelitosmedicalcenter.net\/index.php?rest_route=\/wp\/v2\/types\/page"}],"author":[{"embeddable":true,"href":"https:\/\/www.abuelitosmedicalcenter.net\/index.php?rest_route=\/wp\/v2\/users\/1"}],"replies":[{"embeddable":true,"href":"https:\/\/www.abuelitosmedicalcenter.net\/index.php?rest_route=%2Fwp%2Fv2%2Fcomments&post=30"}],"version-history":[{"count":144,"href":"https:\/\/www.abuelitosmedicalcenter.net\/index.php?rest_route=\/wp\/v2\/pages\/30\/revisions"}],"predecessor-version":[{"id":1791,"href":"https:\/\/www.abuelitosmedicalcenter.net\/index.php?rest_route=\/wp\/v2\/pages\/30\/revisions\/1791"}],"wp:attachment":[{"href":"https:\/\/www.abuelitosmedicalcenter.net\/index.php?rest_route=%2Fwp%2Fv2%2Fmedia&parent=30"}],"curies":[{"name":"wp","href":"https:\/\/api.w.org\/{rel}","templated":true}]}}